{"id":234,"date":"2023-08-06T11:33:08","date_gmt":"2023-08-06T11:33:08","guid":{"rendered":"https:\/\/i101.de\/?page_id=234"},"modified":"2026-01-25T20:12:52","modified_gmt":"2026-01-25T20:12:52","slug":"jugend-2","status":"publish","type":"page","link":"https:\/\/i101.de\/?page_id=234","title":{"rendered":"Jugend"},"content":{"rendered":"\t\t<div data-elementor-type=\"wp-page\" data-elementor-id=\"234\" class=\"elementor elementor-234\">\n\t\t\t\t\t\t\t<div class=\"elementor-element elementor-element-22afda1 e-con-boxed e-flex e-con\" data-id=\"22afda1\" data-element_type=\"container\" data-settings=\"{&quot;content_width&quot;:&quot;boxed&quot;}\">\n\t\t\t\t\t<div class=\"e-con-inner\">\n\t\t\t\t<div class=\"elementor-element elementor-element-40fca9f elementor-widget elementor-widget-spacer\" data-id=\"40fca9f\" data-element_type=\"widget\" data-widget_type=\"spacer.default\">\n\t\t\t\t<div class=\"elementor-widget-container\">\n\t\t\t<style>\/*! elementor - v3.13.3 - 28-05-2023 *\/\n.elementor-column .elementor-spacer-inner{height:var(--spacer-size)}.e-con{--container-widget-width:100%}.e-con-inner>.elementor-widget-spacer,.e-con>.elementor-widget-spacer{width:var(--container-widget-width,var(--spacer-size));--align-self:var(--container-widget-align-self,initial);--flex-shrink:0}.e-con-inner>.elementor-widget-spacer>.elementor-widget-container,.e-con-inner>.elementor-widget-spacer>.elementor-widget-container>.elementor-spacer,.e-con>.elementor-widget-spacer>.elementor-widget-container,.e-con>.elementor-widget-spacer>.elementor-widget-container>.elementor-spacer{height:100%}.e-con-inner>.elementor-widget-spacer>.elementor-widget-container>.elementor-spacer>.elementor-spacer-inner,.e-con>.elementor-widget-spacer>.elementor-widget-container>.elementor-spacer>.elementor-spacer-inner{height:var(--container-widget-height,var(--spacer-size))}<\/style>\t\t<div class=\"elementor-spacer\">\n\t\t\t<div class=\"elementor-spacer-inner\"><\/div>\n\t\t<\/div>\n\t\t\t\t<\/div>\n\t\t\t\t<\/div>\n\t\t\t\t<div class=\"elementor-element elementor-element-364f776 elementor-widget elementor-widget-text-editor\" data-id=\"364f776\" data-element_type=\"widget\" data-widget_type=\"text-editor.default\">\n\t\t\t\t<div class=\"elementor-widget-container\">\n\t\t\t<style>\/*! elementor - v3.13.3 - 28-05-2023 *\/\n.elementor-widget-text-editor.elementor-drop-cap-view-stacked .elementor-drop-cap{background-color:#69727d;color:#fff}.elementor-widget-text-editor.elementor-drop-cap-view-framed .elementor-drop-cap{color:#69727d;border:3px solid;background-color:transparent}.elementor-widget-text-editor:not(.elementor-drop-cap-view-default) .elementor-drop-cap{margin-top:8px}.elementor-widget-text-editor:not(.elementor-drop-cap-view-default) .elementor-drop-cap-letter{width:1em;height:1em}.elementor-widget-text-editor .elementor-drop-cap{float:left;text-align:center;line-height:1;font-size:50px}.elementor-widget-text-editor .elementor-drop-cap-letter{display:inline-block}<\/style>\t\t\t\t<p><strong>Bastelnachmittag mit unseren Jugendgruppen<\/strong><br \/>Seit vielen Jahren basteln, schrauben und bemalen wir im Winter mit unserer Jugendgruppe immer<br \/>mal wieder andere Dinge. Wie schon in den Vorjahren, waren auch Teilnehmer der NAJU \u2013 Jugend<br \/>wieder sehr aktiv dabei. 22 Kinder und Jugendliche folgten unserer Einladung in den Werkraum der<br \/>IGS Am Everkamp. Wir wollten wieder ganz speziell f\u00fcr die heimische Vogelwelt verschiedene<br \/>Nistk\u00e4sten bauen und f\u00fcr die NABU &#8211; Streuobstwiesen auch Nistr\u00f6hren f\u00fcr den Steinkauz. Um die<br \/>V\u00f6gel in unsere G\u00e4rten zu locken, konnten die Kinder auch kleine Futterstationen bauen und auch<br \/>an Futterh\u00e4uschen f\u00fcr die Eichh\u00f6rnchen wurde gedacht. Wir bastelten weiterhin Nistk\u00e4sten f\u00fcr<br \/>Meisen und Spatzen. Auch Nachfragen nach dem Bau von den immer wieder beliebten<br \/>Kaninchenh\u00e4uschen und einem Fledermauskasten kamen dazu. So haben wir f\u00fcr alle W\u00fcnsche<br \/>vorweg Baus\u00e4tze angefertigt und diese wurden gemeinsam zusammengeschraubt. Einige Eltern<br \/>waren flei\u00dfig dabei. Abschlie\u00dfend bekamen alle Nistk\u00e4sten noch eine sch\u00fctzende Dachpappe. In<br \/>kleinen Gruppen konnte so an den tollen Werktischen ein sch\u00f6ner Nachmittag gestaltet und erlebt<br \/>werden. Die Kinder und Jugendlichen waren wieder mit ganz viel Eifer dabei.<\/p>\t\t\t\t\t\t<\/div>\n\t\t\t\t<\/div>\n\t\t\t\t<div class=\"elementor-element elementor-element-c82e243 elementor-widget elementor-widget-spacer\" data-id=\"c82e243\" data-element_type=\"widget\" data-widget_type=\"spacer.default\">\n\t\t\t\t<div class=\"elementor-widget-container\">\n\t\t\t\t\t<div class=\"elementor-spacer\">\n\t\t\t<div class=\"elementor-spacer-inner\"><\/div>\n\t\t<\/div>\n\t\t\t\t<\/div>\n\t\t\t\t<\/div>\n\t\t\t\t<div class=\"elementor-element elementor-element-e8f90dc elementor-widget elementor-widget-text-editor\" data-id=\"e8f90dc\" data-element_type=\"widget\" data-widget_type=\"text-editor.default\">\n\t\t\t\t<div class=\"elementor-widget-container\">\n\t\t\t\t\t\t\t<p><strong>Tischbewertung 2024<\/strong><\/p><p>\u00a0<\/p><p><strong>Preisverteilung Jugend<\/strong><\/p><p>\u00a0<\/p><p><strong>Vereinsmeister Kl III Jugend<\/strong><\/p><p>Posch R\u00f6hnkaninchen 387,0 Pkt.<\/p><p><strong>Beste Zuchtgruppe I<\/strong><\/p><p>Piklaps Rh\u00f6nkaninnchen 386,0 Pkt.<\/p><p><strong>Beste Zuchtgruppe II<\/strong><\/p><p>Meyburg ZwW wei\u00df RA 389,5 Pkt.<\/p><p><strong>Beste Jungtiergruppe Jugend<\/strong><\/p><p>Frahmann Schwarzgrannen 32\/25 Pkt.<\/p><p><strong>Bestes Tier Jugend<\/strong><\/p><p>Meyburg ZwW wei\u00df RA 98,0 Pkt.<\/p><p><strong>Landesverbandsehrenpreis<\/strong><\/p><p><strong>\u00a0<\/strong>Posch R\u00f6hnkaninchen 97,5 Pkt.<\/p><p><strong>Kreisverbandsehrenpreise<\/strong><\/p><p>Meyburg ZwW wei\u00df RA 97,5 Pkt.<\/p><p><strong>Gesamtleistungen<\/strong><br \/>Meyburg ZwW wei\u00df RA 487,00 Pkt. \u00d8 97,40<\/p><p>Meyburg Sachsengold 486,00 Pkt. \u00d8 97,20<\/p><p>\u00a0<\/p><p>\u00a0Meyburg ZwW Wildfarbend 487,00 Pkt. \u00d8 96,70<\/p>\t\t\t\t\t\t<\/div>\n\t\t\t\t<\/div>\n\t\t\t\t\t<\/div>\n\t\t\t\t<\/div>\n\t\t<div class=\"elementor-element elementor-element-07a9c0e e-con-boxed e-flex e-con\" data-id=\"07a9c0e\" data-element_type=\"container\" data-settings=\"{&quot;content_width&quot;:&quot;boxed&quot;}\">\n\t\t\t\t\t<div class=\"e-con-inner\">\n\t\t\t\t<div class=\"elementor-element elementor-element-ba0b9bf elementor-widget elementor-widget-heading\" data-id=\"ba0b9bf\" data-element_type=\"widget\" data-widget_type=\"heading.default\">\n\t\t\t\t<div class=\"elementor-widget-container\">\n\t\t\t<style>\/*! elementor - v3.13.3 - 28-05-2023 *\/\n.elementor-heading-title{padding:0;margin:0;line-height:1}.elementor-widget-heading .elementor-heading-title[class*=elementor-size-]>a{color:inherit;font-size:inherit;line-height:inherit}.elementor-widget-heading .elementor-heading-title.elementor-size-small{font-size:15px}.elementor-widget-heading .elementor-heading-title.elementor-size-medium{font-size:19px}.elementor-widget-heading .elementor-heading-title.elementor-size-large{font-size:29px}.elementor-widget-heading .elementor-heading-title.elementor-size-xl{font-size:39px}.elementor-widget-heading .elementor-heading-title.elementor-size-xxl{font-size:59px}<\/style><h2 class=\"elementor-heading-title elementor-size-default\">Jugend<\/h2>\t\t<\/div>\n\t\t\t\t<\/div>\n\t\t\t\t<div class=\"elementor-element elementor-element-a690a51 elementor-widget elementor-widget-heading\" data-id=\"a690a51\" data-element_type=\"widget\" data-widget_type=\"heading.default\">\n\t\t\t\t<div class=\"elementor-widget-container\">\n\t\t\t<h2 class=\"elementor-heading-title elementor-size-medium\">Veranstaltung \n\u201eRund um das Kaninchen\u201c!\n\nIm Rahmen der Wardenburger Ferienpass \u2013 Aktion veranstaltete der Kaninchenz\u00fcchterverein Wardenburg u. Umgebung e. V. \nauf dem Gel\u00e4nde des DGH Achternmeer,  die immer wieder sehr beliebte und  wieder gut besuchte Info Veranstaltung \u201eRund um die Kaninchen\u201c. Dieses umfasste u. a.  eine Hobby \u2013 Kaninchenbewertung sowie ein Kaninhop \u2013 Training. 36 Kinder  und Jugendliche brachten \u00fcber 40 gro\u00dfe und kleine, einfarbige und bunte Kaninchen mit. Diese waren verschieden alt und dementsprechend in einer ganz unterschiedlichen Verfassung. Vorweg wurden den interessierten Eltern und den Kindern einige Tipps zur F\u00fctterung und Gesunderhaltung der Kaninchen gegeben. Wir machten gemeinsam eine Kr\u00e4uterkunde von den mitgebrachten Kr\u00e4utern von der Wiese und aus dem Hausgarten. Auch der Tierarzt war gekommen und hat an diesem Nachmittag 200 Kaninchen direkt vor Ort und anschlie\u00dfend in drei Zuchtbest\u00e4nden sehr kosteng\u00fcnstig \u2013 weil es eben eine Sammelimpfung gab \u2013 gegen die RHD (eine Chinesische Kaninchenseuche) geimpft. Die Tiere wurden von einem Preisrichter angeguckt und gemeinsam besprochen. In vier Kategorien wurde \u201ebewertet\u201c. Hierbei ging es um den allgemeinen Zustand der Tiere \u2013 das Fell, die Ern\u00e4hrung,  die Pflege, die F\u00fctterung und einiges mehr. In dem Wertungsbericht wurden die Positionen Gewicht im Verh\u00e4ltnis zum Typ, die K\u00f6rperbeschaffenheit, der Zustand des Fellhaares sowie der Pflegezustand und die Gesundheit der Tiere bepunktet. Auch das richtige und schonende Krallenschneiden wurde gezeigt und vorgenommen. Die Kinder bekamen zur Erinnerung, abgestuft nach den vergebenen Punkten Pokale und Plaketten, die sie sich selbst aussuchen konnten. Die gro\u00dfen und kleinen \u201egebrauchten\u201c Pokale wurden allesamt von Z\u00fcchtern gespendet, blank poliert und mit einem aktuellen Aufkleber versehen. Die Kinder konnten sich nebenbei an dem angeschlossen Kaninhop \u2013 Training beteiligen und den Umgang und das Talent mit ihren Kaninchen ausprobieren. Vier Kinder und eine Erwachsene konnten im Anschluss neu in die Jugendgruppe bzw. den Verein aufgenommen werden. In zwei F\u00e4llen wurde inzwischen eine kleine Zucht gestartet.\n<\/h2>\t\t<\/div>\n\t\t\t\t<\/div>\n\t\t\t\t\t<\/div>\n\t\t\t\t<\/div>\n\t\t<div class=\"elementor-element elementor-element-d1bd165 e-con-boxed e-flex e-con\" data-id=\"d1bd165\" data-element_type=\"container\" data-settings=\"{&quot;content_width&quot;:&quot;boxed&quot;}\">\n\t\t\t\t\t<div class=\"e-con-inner\">\n\t\t<div class=\"elementor-element elementor-element-63144ba e-con-full e-flex e-con\" data-id=\"63144ba\" data-element_type=\"container\" data-settings=\"{&quot;content_width&quot;:&quot;full&quot;}\">\n\t\t\t\t<div class=\"elementor-element elementor-element-d05178c elementor-widget elementor-widget-image\" data-id=\"d05178c\" data-element_type=\"widget\" data-widget_type=\"image.default\">\n\t\t\t\t<div class=\"elementor-widget-container\">\n\t\t\t<style>\/*! elementor - v3.13.3 - 28-05-2023 *\/\n.elementor-widget-image{text-align:center}.elementor-widget-image a{display:inline-block}.elementor-widget-image a img[src$=\".svg\"]{width:48px}.elementor-widget-image img{vertical-align:middle;display:inline-block}<\/style>\t\t\t\t\t\t\t\t\t\t\t\t<img loading=\"lazy\" decoding=\"async\" width=\"1024\" height=\"769\" src=\"https:\/\/i101.de\/wp-content\/uploads\/2023\/08\/49f4d913-5e0b-49f0-85e8-6d39079e71b6-1024x769.jpg\" class=\"attachment-large size-large wp-image-236\" alt=\"\" srcset=\"https:\/\/i101.de\/wp-content\/uploads\/2023\/08\/49f4d913-5e0b-49f0-85e8-6d39079e71b6-1024x769.jpg 1024w, https:\/\/i101.de\/wp-content\/uploads\/2023\/08\/49f4d913-5e0b-49f0-85e8-6d39079e71b6-300x225.jpg 300w, https:\/\/i101.de\/wp-content\/uploads\/2023\/08\/49f4d913-5e0b-49f0-85e8-6d39079e71b6-768x576.jpg 768w, https:\/\/i101.de\/wp-content\/uploads\/2023\/08\/49f4d913-5e0b-49f0-85e8-6d39079e71b6-1536x1153.jpg 1536w, https:\/\/i101.de\/wp-content\/uploads\/2023\/08\/49f4d913-5e0b-49f0-85e8-6d39079e71b6.jpg 2048w\" sizes=\"auto, (max-width: 1024px) 100vw, 1024px\" \/>\t\t\t\t\t\t\t\t\t\t\t\t\t\t\t<\/div>\n\t\t\t\t<\/div>\n\t\t\t\t<\/div>\n\t\t<div class=\"elementor-element elementor-element-793f1f9 e-con-full e-flex e-con\" data-id=\"793f1f9\" data-element_type=\"container\" data-settings=\"{&quot;content_width&quot;:&quot;full&quot;}\">\n\t\t\t\t<div class=\"elementor-element elementor-element-d2593cf elementor-widget elementor-widget-image\" data-id=\"d2593cf\" data-element_type=\"widget\" data-widget_type=\"image.default\">\n\t\t\t\t<div class=\"elementor-widget-container\">\n\t\t\t\t\t\t\t\t\t\t\t\t\t\t\t<img loading=\"lazy\" decoding=\"async\" width=\"1024\" height=\"769\" src=\"https:\/\/i101.de\/wp-content\/uploads\/2023\/08\/9258f30d-4fbd-4b89-8d8e-006680cd579d-1024x769.jpg\" class=\"attachment-large size-large wp-image-237\" alt=\"\" srcset=\"https:\/\/i101.de\/wp-content\/uploads\/2023\/08\/9258f30d-4fbd-4b89-8d8e-006680cd579d-1024x769.jpg 1024w, https:\/\/i101.de\/wp-content\/uploads\/2023\/08\/9258f30d-4fbd-4b89-8d8e-006680cd579d-300x225.jpg 300w, https:\/\/i101.de\/wp-content\/uploads\/2023\/08\/9258f30d-4fbd-4b89-8d8e-006680cd579d-768x576.jpg 768w, https:\/\/i101.de\/wp-content\/uploads\/2023\/08\/9258f30d-4fbd-4b89-8d8e-006680cd579d-1536x1153.jpg 1536w, https:\/\/i101.de\/wp-content\/uploads\/2023\/08\/9258f30d-4fbd-4b89-8d8e-006680cd579d.jpg 2048w\" sizes=\"auto, (max-width: 1024px) 100vw, 1024px\" \/>\t\t\t\t\t\t\t\t\t\t\t\t\t\t\t<\/div>\n\t\t\t\t<\/div>\n\t\t\t\t<\/div>\n\t\t<div class=\"elementor-element elementor-element-5f7d708 e-con-full e-flex e-con\" data-id=\"5f7d708\" data-element_type=\"container\" data-settings=\"{&quot;content_width&quot;:&quot;full&quot;}\">\n\t\t\t\t<div class=\"elementor-element elementor-element-da0fcdf elementor-widget elementor-widget-heading\" data-id=\"da0fcdf\" data-element_type=\"widget\" data-widget_type=\"heading.default\">\n\t\t\t\t<div class=\"elementor-widget-container\">\n\t\t\t<h2 class=\"elementor-heading-title elementor-size-large\">Ferienpass Aktion 2023\nEs waren 44 Kinder und Jugendliche dabei. Wegen dem Dauerregen sind wir in eine Umkleide der Turnhalle gefl\u00fcchtet. Trotzdem war es wieder Toll.\nNur unser \u00fcbliches Gruppenbild drau\u00dfen konnten wir dieses mal leider nicht machen.<\/h2>\t\t<\/div>\n\t\t\t\t<\/div>\n\t\t\t\t<\/div>\n\t\t\t\t\t<\/div>\n\t\t\t\t<\/div>\n\t\t\t\t\t\t\t<\/div>\n\t\t","protected":false},"excerpt":{"rendered":"<p>Bastelnachmittag mit unseren JugendgruppenSeit vielen Jahren basteln, schrauben und bemalen wir im Winter mit unserer Jugendgruppe immermal wieder andere Dinge. Wie schon in den Vorjahren, waren auch Teilnehmer der NAJU \u2013 Jugendwieder sehr aktiv dabei. 22 Kinder und Jugendliche folgten unserer Einladung in den Werkraum derIGS Am Everkamp. Wir wollten wieder ganz speziell f\u00fcr die &hellip;<\/p>\n<p class=\"read-more\"> <a class=\"\" href=\"https:\/\/i101.de\/?page_id=234\"> <span class=\"screen-reader-text\">Jugend<\/span> Weiterlesen &raquo;<\/a><\/p>\n","protected":false},"author":2,"featured_media":0,"parent":0,"menu_order":0,"comment_status":"closed","ping_status":"closed","template":"","meta":{"site-sidebar-layout":"no-sidebar","site-content-layout":"page-builder","ast-global-header-display":"","ast-banner-title-visibility":"","ast-main-header-display":"","ast-hfb-above-header-display":"","ast-hfb-below-header-display":"","ast-hfb-mobile-header-display":"","site-post-title":"disabled","ast-breadcrumbs-content":"","ast-featured-img":"disabled","footer-sml-layout":"","theme-transparent-header-meta":"","adv-header-id-meta":"","stick-header-meta":"","header-above-stick-meta":"","header-main-stick-meta":"","header-below-stick-meta":"","footnotes":""},"class_list":["post-234","page","type-page","status-publish","hentry"],"_links":{"self":[{"href":"https:\/\/i101.de\/index.php?rest_route=\/wp\/v2\/pages\/234","targetHints":{"allow":["GET"]}}],"collection":[{"href":"https:\/\/i101.de\/index.php?rest_route=\/wp\/v2\/pages"}],"about":[{"href":"https:\/\/i101.de\/index.php?rest_route=\/wp\/v2\/types\/page"}],"author":[{"embeddable":true,"href":"https:\/\/i101.de\/index.php?rest_route=\/wp\/v2\/users\/2"}],"replies":[{"embeddable":true,"href":"https:\/\/i101.de\/index.php?rest_route=%2Fwp%2Fv2%2Fcomments&post=234"}],"version-history":[{"count":40,"href":"https:\/\/i101.de\/index.php?rest_route=\/wp\/v2\/pages\/234\/revisions"}],"predecessor-version":[{"id":555,"href":"https:\/\/i101.de\/index.php?rest_route=\/wp\/v2\/pages\/234\/revisions\/555"}],"wp:attachment":[{"href":"https:\/\/i101.de\/index.php?rest_route=%2Fwp%2Fv2%2Fmedia&parent=234"}],"curies":[{"name":"wp","href":"https:\/\/api.w.org\/{rel}","templated":true}]}}